s of x.
2, 7, 173
What are the prime factors of ((-1060)/7)/((144/84)/(-6))?
2, 5, 53
Let f = 4039 - -794. List the prime factors of f.
3, 179
Suppose -11*x + 7785 = -9386. What are the prime factors of x?
7, 223
Let a(p) = -6*p**3 - 40*p**2 - 51*p + 96. Let n(m) = m**3 + 8*m**2 + 10*m - 19. Let u(f) = 2*a(f) + 11*n(f). List the prime factors of u(6).
103
Let u(w) = -w - 4. Let b be u(-7). Suppose b*o = -4*i + 2, 8 = 5*o + 4*i + 2. Suppose -o*k = 4 - 2, -k - 113 = -4*j. List the prime factors of j.
2, 7
Let r be 6/24 + 175/20. What are the prime factors of (((-42)/r)/14)/((-1)/351)?
3, 13
Suppose -4*r + 330 = 2*s, -5*r + s = -129 - 273. Let a = -27 + r. What are the prime factors of a?
2, 3
Let c(l) = -3*l**2 - 26*l + 13. Let b(d) = -4*d**2 - 39*d + 19. Let n(s) = 5*b(s) - 7*c(s). What are the prime factors of n(13)?
2
Suppose 2*k + 41 - 151 = 0. Suppose 7*q - 2*q = k. Let t = q - -20. List the prime factors of t.
31
Let b(l) = l**3 + 15*l**2 + 15*l + 18. Let s be b(-14). Suppose 15 = -5*m, -s*q + 5*m + 313 + 6 = 0. What are the prime factors of q?
2, 19
Suppose 0 = -2*w - 125 - 53. Let q = -15 - w. What are the prime factors of q?
2, 37
Let n = -2 + -3. Let a = n + 9. Suppose 6*s - a*h - 72 = 2*s, -4*s + 96 = 4*h. What are the prime factors of s?
3, 7
Suppose 24*w = 45*w - 3885. What are the prime factors of w?
5, 37
Suppose -2*z + 6*j = -2086, j = -9 + 6. List the prime factors of z.
2, 11, 47
Let u(d) = 30*d - 64. What are the prime factors of u(25)?
2, 7
Let p(x) be the first derivative of -35*x**2/2 - 48*x + 28. List the prime factors of p(-5).
127
Suppose 8355 = -41*f + 42713. What are the prime factors of f?
2, 419
Let j = 34 - 14. Suppose 3*u + 4*n - 3*n = 94, 0 = u - 5*n - 10. Let h = u - j. What are the prime factors of h?
2, 5
Let r(u) = -66*u - 4. Let t be r(2). Let z = t - -268. Suppose -4*l - z = -4*d, -l = 2*d + 5 - 80. List the prime factors of d.
2, 3
Let x(r) = 3 + 2*r + 1 + r**2 - 2. Let i be x(-2). Suppose -i*t + 3*n + n = -32, 2*n = -4. List the prime factors of t.
2, 3
Let p be (-1)/(9/6 - 2). Suppose 6 = -z + 1, -p*j + 37 = -z. Suppose 24 + j = 2*x. What are the prime factors of x?
2, 5
List the prime factors of (-3159)/(-6) + -4*4/32.
2, 263
Suppose 4*h - 8 = -2*i, 4*h - 24 = -8*i + 10*i. List the prime factors of h*5/12*174.
2, 5, 29
Let r = -437 - -446. Let q(o) be the first derivative of -o**4/4 + 3*o**3 + o**2 + 13*o - 1. What are the prime factors of q(r)?
31
Let j = -7 - -21. Let n = 22 - j. What are the prime factors of n?
2
Let u(v) = -4*v**3 - v**2 - 4*v - 7. Let x be u(-2). Suppose -37*b + 1160 = -x*b. List the prime factors of b.
5, 29
Let p(r) be the second derivative of r**4/4 + r**3/6 + 9*r**2/2 + 11*r. What are the prime factors of p(5)?
89
Suppose 8*c + 5 = 3*c. What are the prime factors of (-6)/(-30)*(154 - c)?
31
Suppose -2*a + 6 = -0*a. Suppose a*h = 8*h - 410. List the prime factors of h.
2, 41
Let l = 23 - 20. Suppose -5*k + 3*f + 380 = 0, -l*f + 304 = 4*k - f. What are the prime factors of k?
2, 19
Let w = -157 + 28. What are the prime factors of w/6*36/(-6)?
3, 43
Let o = -20 - -14. Let g = o - -56. List the prime factors of g.
2, 5
Let q(w) be the second derivative of 5*w**4/6 + 4*w**3/3 + 6*w**2 + 20*w. List the prime factors of q(-4).
2, 5, 7
Suppose 5*o = 441 + 2619. List the prime factors of o.
2, 3, 17
Suppose -4 = b + 2. Let y be (-26)/(-6) + b/(-9). Suppose -3*n - y*l = -117, -3*n + l + l + 117 = 0. What are the prime factors of n?
3, 13
List the prime factors of (-11 + -17)*-2*86.
2, 7, 43
Let n = 241 - 121. List the prime factors of n.
2, 3, 5
Suppose 0*m = -2*m. Suppose 3*a - 1 = 4*q, m = -7*q + 4*q + 2*a. List the prime factors of q.
2
Let c(g) = 17*g + 1. Let i be c(7). Suppose 2*n = -3*n + i. Let o = 17 + n. List the prime factors of o.
41
Suppose -4*b = 3*x - 0*b - 62, 0 = -3*x + 4*b + 46. List the prime factors of 4/3*x/4.
2, 3
Suppose 0 = -0*t + 2*t - 3*m - 1298, t - m - 651 = 0. What are the prime factors of t?
5, 131
Suppose -43*v = -14*v - 1653. List the prime factors of v.
3, 19
Let s be 4/5 - (-12537)/35. Let o = -111 + s. Suppose -4*u - o = -5*r, -7*r + 2*r + u = -257. List the prime factors of r.
2, 13
Let r(p) = 73*p - 7. Let w(i) = 147*i - 13. Let d(j) = 5*r(j) - 2*w(j). What are the prime factors of d(1)?
2, 31
Let d be (-4)/(-6) + 155/15. Let h(g) = g**2 - 12*g + 14. Let n be h(d). Suppose 0 = n*v - 2*v - 26. List the prime factors of v.
2, 13
Let n(l) = 2*l**3 - 8*l**2 + 11*l + 18. What are the prime factors of n(6)?
2, 3, 19
Let a be ((-2)/(-1))/(6/42). Suppose 0 = -f - 5*x - a, 4*f + 0*x + 12 = 2*x. Let b = 4 - f. What are the prime factors of b?
2
Suppose -3*c = 1 - 7. Suppose -3*s + c*g - 6*g + 34 = 0, 2*g = -5*s + 38. Suppose -s*a + 7*a = 73. What are the prime factors of a?
73
Let p(z) = -z**3 - 9*z**2 + 20*z + 5. Suppose -31 = -l + 4*l - 5*g, 0 = -5*g + 10. Let i be ((-11)/2)/(l/(-14)). What are the prime factors of p(i)?
3
Let r = 8428 + -4269. What are the prime factors of r?
4159
Let z = 584 + 1353. List the prime factors of z.
13, 149
Suppose -2*c = -c - 1. Let g be -3 + 11 + (-3)/c. Suppose -g*n + 20 = 0, -n = 2*u - 3*u + 6. What are the prime factors of u?
2, 5
Let i = -107 - -1860. What are the prime factors of i?
1753
Let x be (-20)/(-8) + 1/(-2). Suppose 2*v - 62 - 56 = -5*o, -o - x = 0. List the prime factors of v.
2
List the prime factors of 244/(10 + -7 + -2).
2, 61
Let t(r) = -r**3 - 2*r**2 + 2*r + 7. Let a be (-2 - -3 - (1 - -1))*6. List the prime factors of t(a).
139
Let j(l) = -252*l + 186. List the prime factors of j(-5).
2, 3, 241
Let v = 15 - 13. Let i(p) = -2*p**3 - 2 - 4*p + 1 - 4*p**v + 5 + 3*p**3. What are the prime factors of i(6)?
2, 13
Suppose -s + 3*t = s + 21, -t = -s - 10. Let u(n) = 20*n. Let d(a) = 16*a + 1. Let i(g) = 6*d(g) - 5*u(g). What are the prime factors of i(s)?
2, 3, 7
Let k be ((-3)/6 + 1)*0. Suppose j - 4*j = k. Suppose -4*u - 2*p + p + 51 = 0, j = -2*u - 2*p + 18. List the prime factors of u.
2, 7
Let l = 29 + -8. Suppose l - 67 = -q. What are the prime factors of q?
2, 23
Let t(q) = q**3 + 15*q**2 + 13*q - 7. Let g(i) = i**3 + 9*i**2 + 8*i + 4. Let b be g(-8). Suppose p + 70 = -b*p. What are the prime factors of t(p)?
7
Let b(y) be the third derivative of y**5/30 + y**4/8 - 13*y**3/3 + 21*y**2. What are the prime factors of b(7)?
3, 31
Let r = 895 - -4138. List the prime factors of r.
7, 719
Let i = -1413 - -4172. What are the prime factors of i?
31, 89
Suppose 3*d + 4*u = 5*d, 12 = 5*d + 2*u. Suppose -6*b - 187 = -d*k - 3*b, -b - 185 = -2*k. What are the prime factors of k?
2, 23
Let x(l) = 4*l**3 - 5*l**2 - 10*l + 28. Let f(q) = -5*q**3 + 5*q**2 + 11*q - 28. Let v(j) = 3*f(j) + 4*x(j). List the prime factors of v(7).
7, 11
Let h(i) = i + 49. Let r(a) = -a - 74. Let t(c) = 8*h(c) + 5*r(c). What are the prime factors of t(-6)?
2
Let c(r) = 2*r - 7. Let n be c(8). List the prime factors of (0 - 381/(-5)) + n/(-45).
2, 19
What are the prime factors of (595/(-357))/((-5)/18066)?
2, 3011
Suppose 0 = -119*c + 117*c + 216. List the prime factors of c.
2, 3
Let z(k) = 7*k - 8. Let q be z(4). Suppose 3*d - q = 2*d. List the prime factors of d.
2, 5
Let i(x) = 3*x**2 - 7*x - 1. Let c be i(3). List the prime factors of (-3 + 359)*(10/4)/c.
2, 89
Let b = -105 + 109. Suppose -b*z + 522 = 3*v + 65, 5*v - 2*z = 753. List the prime factors of v.
151
Suppose 2*d - 85 = -3*d. Let y be 3 - (d - 2)*1. List the prime factors of y/(-8)*(-32)/(-12).
2
Let o be 1600/(-96)*(0 - 6). Let x = -38 + o. List the prime factors of x.
2, 31
Let d be (3 + 7 - 4) + 1. What are the prime factors of 3/(-9) + d/3?
2
Let x be -135 + 3/(15/25). Let u = x + 408. List the prime factors of u.
2, 139
Suppose -3*v - 21 = -102. Let h = v - 13. List the prime factors of h.
2, 7
Suppose 9*f + 16 = -2. What are the prime factors of 3 + f/(4/(-174))?
2, 3, 5
Let t(o) = 192*o + 41 - 24 - 21. List the prime factors of t(1).
2, 47
Suppose 0 = r + 6*r. Suppose 4*k - 361 = 5*j, r = -2*j + 1 - 3. What are the prime factors of k?
89
Suppose -6*p + 6 = -4*p. Suppose 0 = v + p*s - 13, -8*s + 19 = v - 3*s. Suppose -31 = -v*g + 17. What are the prime factors of g?
2, 3
Let c = -1869 - -2855. What are the prime factors of c?
2, 17, 29
Let y(p) = 5*p + 10. Let t be y(8). S